tors of 1235021?
1235021
What are the prime factors of 240988?
2, 11, 5477
What are the prime factors of 16577673?
3, 7, 83, 9511
List the prime factors of 361467.
3, 40163
List the prime factors of 3831660.
2, 3, 5, 7, 3041
List the prime factors of 7946548.
2, 17, 137, 853
List the prime factors of 6289720.
2, 5, 157243
List the prime factors of 10066592.
2, 314581
List the prime factors of 173217.
3, 11, 29, 181
List the prime factors of 11065828.
2, 19, 145603
List the prime factors of 7700170.
2, 5, 23, 33479
What are the prime factors of 525577?
13, 40429
List the prime factors of 3005412.
2, 3, 250451
What are the prime factors of 231320?
2, 5, 5783
What are the prime factors of 166672?
2, 11, 947
List the prime factors of 104495.
5, 20899
What are the prime factors of 727454?
2, 7, 13, 571
What are the prime factors of 226205?
5, 7, 23, 281
List the prime factors of 83413.
11, 7583
List the prime factors of 109465.
5, 21893
List the prime factors of 7270410.
2, 3, 5, 7, 89, 389
What are the prime factors of 425229?
3, 7, 20249
What are the prime factors of 14850941?
7, 83, 25561
List the prime factors of 14835029.
11, 19, 70981
List the prime factors of 1518936.
2, 3, 19, 3331
List the prime factors of 464010.
2, 3, 5, 15467
List the prime factors of 1159631.
11, 47, 2243
List the prime factors of 443225.
5, 17729
What are the prime factors of 426361?
13, 32797
What are the prime factors of 276749?
11, 139, 181
What are the prime factors of 28161778?
2, 223, 233, 271
What are the prime factors of 642766?
2, 321383
List the prime factors of 6201433.
7, 885919
List the prime factors of 119138.
2, 71, 839
What are the prime factors of 428688?
2, 3, 13, 229
List the prime factors of 2773134.
2, 3, 7, 13, 1693
List the prime factors of 16070834.
2, 13, 31, 127, 157
List the prime factors of 1722816.
2, 3, 997
List the prime factors of 3944059.
7, 80491
List the prime factors of 160520.
2, 5, 4013
List the prime factors of 2766368.
2, 11, 29, 271
List the prime factors of 95189.
95189
What are the prime factors of 114251?
43, 2657
What are the prime factors of 2868545?
5, 211, 2719
List the prime factors of 403162.
2, 201581
What are the prime factors of 133749?
3, 7, 11, 193
List the prime factors of 225927.
3, 13, 1931
What are the prime factors of 3043817?
7, 434831
What are the prime factors of 2899542?
2, 3, 37, 353
List the prime factors of 75894.
2, 3, 7, 13, 139
List the prime factors of 5784644.
2, 89, 16249
What are the prime factors of 66525?
3, 5, 887
What are the prime factors of 602296?
2, 79, 953
List the prime factors of 11179756.
2, 7, 399277
List the prime factors of 246270.
2, 3, 5, 8209
List the prime factors of 1724020.
2, 5, 86201
List the prime factors of 1591964.
2, 11, 97, 373
What are the prime factors of 7687885?
5, 79, 19463
List the prime factors of 278883.
3, 11, 313
What are the prime factors of 1004334?
2, 3, 73, 2293
What are the prime factors of 227276?
2, 7, 8117
List the prime factors of 176108.
2, 44027
What are the prime factors of 6923153?
431, 16063
List the prime factors of 2612978.
2, 1306489
List the prime factors of 407740.
2, 5, 19, 29, 37
List the prime factors of 11602409.
7, 13, 59, 2161
What are the prime factors of 3410440?
2, 5, 11, 23, 337
What are the prime factors of 24168?
2, 3, 19, 53
What are the prime factors of 2302429?
17, 167, 811
List the prime factors of 5283873.
3, 7, 9319
List the prime factors of 293109.
3, 41, 2383
List the prime factors of 5398.
2, 2699
What are the prime factors of 3182772?
2, 3, 265231
What are the prime factors of 1424340?
2, 3, 5, 41, 193
What are the prime factors of 848725?
5, 17, 1997
What are the prime factors of 3699695?
5, 31, 23869
List the prime factors of 11291271.
3, 3763757
List the prime factors of 5450099.
5450099
List the prime factors of 6680.
2, 5, 167
List the prime factors of 361387.
13, 27799
What are the prime factors of 79432?
2, 9929
List the prime factors of 5902153.
1103, 5351
What are the prime factors of 6901361?
79, 87359
List the prime factors of 3786932.
2, 946733
List the prime factors of 2436716.
2, 609179
List the prime factors of 2540554.
2, 101, 12577
What are the prime factors of 74989?
31, 41, 59
List the prime factors of 5118331.
67, 79, 967
List the prime factors of 2704313.
43, 61, 1031
What are the prime factors of 3499592?
2, 293, 1493
What are the prime factors of 3360207?
3, 19, 167, 353
What are the prime factors of 1720255?
5, 269, 1279
List the prime factors of 1594904.
2, 73, 2731
What are the prime factors of 1234947?
3, 7, 31, 271
What are the prime factors of 15232649?
3011, 5059
List the prime factors of 216703.
216703
List the prime factors of 8998950.
2, 3, 5, 17, 3529
List the prime factors of 1620138.
2, 3, 13, 20771
List the prime factors of 243953.
243953
What are the prime factors of 257081?
11, 23371
List the prime factors of 57677.
137, 421
List the prime factors of 24037431.
3, 11, 31, 23497
What are the prime factors of 14344842?
2, 3, 89, 26863
List the prime factors of 9532667.
9532667
List the prime factors of 4535973.
3, 13, 12923
What are the prime factors of 699853?
7, 11, 61, 149
List the prime factors of 10843270.
2, 5, 41, 53, 499
What are the prime factors of 833126?
2, 7, 59509
What are the prime factors of 2773516?
2, 17, 40787
List the prime factors of 14390842.
2, 383, 18787
List the prime factors of 6641218.
2, 53, 62653
List the prime factors of 33790.
2, 5, 31, 109
List the prime factors of 4666540.
2, 5, 233327
List the prime factors of 7179452.
2, 7, 43, 67, 89
What are the prime factors of 19447?
19447
List the prime factors of 5862748.
2, 79, 18553
List the prime factors of 1064479.
13, 81883
List the prime factors of 17805001.
17, 61609
List the prime factors of 7132866.
2, 3, 13, 19, 4813
What are the prime factors of 1429688?
2, 13, 59, 233
List the prime factors of 28816149.
3, 43, 223381
List the prime factors of 98442.
2, 3, 1823
List the prime factors of 51798.
2, 3, 89, 97
List the prime factors of 354811.
269, 1319
What are the prime factors of 3777655?
5, 7, 17, 907
What are the prime factors of 1942188?
2, 3, 29, 5581
List the prime factors of 3055.
5, 13, 47
What are the prime factors of 82104?
2, 3, 11, 311
List the prime factors of 1593147.
3, 367, 1447
What are the prime factors of 2590156?
2, 19, 173, 197
What are the prime factors of 1134701?
491, 2311
What are the prime factors of 1361214?
2, 3, 47, 1609
List the prime factors of 1794462.
2, 3, 29, 10313
What are the prime factors of 904593?
3, 301531
List the prime factors of 375657.
3, 125219
List the prime factors of 36033.
3, 12011
List the prime factors of 285993.
3, 43, 739
What are the prime factors of 198092?
2, 49523
List the prime factors of 1136582.
2, 739, 769
What are the prime factors of 3909224?
2, 11, 31, 1433
What are the prime factors of 5873547?
3, 1957849
List the prime factors of 916425.
3, 5, 4073
List the prime factors of 1994918.
2, 109, 9151
List the prime factors of 1710993.
3, 23, 137, 181
What are the prime factors of 88053?
3, 7, 599
List the prime factors of 206491.
31, 6661
List the prime factors of 4588602.
2, 3, 269, 2843
List the prime factors of 151673.
151673
What are the prime factors of 623322?
2, 3, 7, 17, 97
List the prime factors of 1183208.
2, 13, 31, 367
List the prime factors of 5593042.
2, 7, 13, 79, 389
List the prime factors of 4716018.
2, 3, 127, 2063
What are the prime factors of 320946?
2, 3, 149, 359
What are the prime factors of 1487532?
2, 3, 113, 1097
What are the prime factors of 275524?
2, 68881
What are the prime factors of 2530778?
2, 31, 40819
List the prime factors of 12728255.
5, 2545651
List the prime factors of 39939.
3, 13313
What are the prime factors of 4896974?
2, 563, 4349
What are the prime factors of 47810?
2, 5, 7, 683
List the prime factors of 186910.
2, 5, 18691
List the prime factors of 9347782.
2, 521, 8971
What are the prime factors of 304649?
67, 4547
What are the prime factors of 344117?
344117
What are the prime factors of 6690693?
3, 229, 9739
List the prime factors of 2009948.
2, 502487
What are the prime factors of 1042008?
2, 3, 11, 3947
List the prime factors of 599497.
487, 1231
List the prime factors of 1789290.
2, 